 4 - 8. Let f be k(u). What is the highest common divisor of 8 and f?
8
Suppose -3*h - 20 = -5*u + 162, 3*u - 2*h = 110. Calculate the highest common divisor of 85 and u.
17
Let u = 1 - 1. Suppose 6*j = j + 25. Suppose -z + 22 - j = u. Calculate the highest common factor of z and 51.
17
Suppose 4*q = 63 + 33. What is the greatest common factor of 16 and q?
8
Let s be 688/3 - (-1)/(-3). Let c = s - 477. Let n = c - -446. Calculate the highest common divisor of 18 and n.
18
Suppose a - 3*y - 16 = -6*y, -y - 12 = -4*a. Calculate the highest common divisor of 4 and a.
4
Suppose 0 = 2*x - 9 - 17. What is the highest common divisor of x and 26?
13
Suppose 67*a + 352 = 68*a. Calculate the highest common divisor of 11 and a.
11
Suppose 0 = 5*u + 3*q + 15, 4*u = -q + 5*q + 20. Suppose u = -2*c - 5*i, 3*c = i + i + 38. Calculate the greatest common divisor of 4 and c.
2
Suppose -5 = -4*x + 23. Suppose 5*q - 1 = 4. What is the highest common divisor of q and x?
1
Let b = 37 + -22. Suppose -126 = -5*d + 2*i, 2*d + 3*i = 54 - b. Calculate the highest common factor of d and 8.
8
Let o(n) = -2*n + 2. Let l be o(-6). Suppose 0*k - l = -2*k. Suppose 5*h - 335 = -4*q, -5*h + 8*h - 184 = q. Calculate the greatest common divisor of k and h.
7
Let j be ((-20)/6)/((-14)/63). What is the greatest common factor of j and 120?
15
Let w be ((-22)/4)/(2/(-52)). What is the greatest common divisor of w and 26?
13
Let p(s) = 19*s - 1. Let g be p(4). Calculate the greatest common divisor of 30 and g.
15
Let b(o) = 1 - 4 + 5*o + 3 - 2. Let s be b(2). Calculate the greatest common divisor of s and 72.
8
Suppose -5*j + 28 = 3*g, -2*g = -4*j + 4 + 14. Let u = g - -8. Calculate the greatest common divisor of 36 and u.
9
Let p be (0 - 2)*(-2)/1. Suppose 10 = 4*k - 5*r - 20, -p*k + r = -22. Let y be -2 - (-3 + (-2 - -1)). What is the greatest common divisor of y and k?
1
Suppose 37 + 20 = 3*c. Suppose 3*p - 4*f - c = -8, 0 = 2*p - 5*f + 2. What is the greatest common factor of p and 72?
9
Let d(g) = -g**3 + 2*g**2 + 3*g + 1. Let m be d(-2). Let v(r) = 2*r**3 - 5*r**2 - 2*r + 6. Let k be v(5). Calculate the highest common factor of m and k.
11
Let b = -6 + 15. Suppose 3*r + 430 - 17 = 4*u, u + 4*r = 89. Suppose 0 = 3*v + 5*n - u, -2*v + v + 7 = -5*n. What is the highest common divisor of b and v?
9
Let t(f) = f**3 - 11*f**2 + 5*f + 3. Let s be t(11). Suppose -4*n - s = -3*g, -n - 56 = -3*g + n. What is the highest common factor of g and 54?
18
Let m(o) = 7*o + 1. Let b be m(-1). Let g be (208/6)/((-2)/b). What is the highest common factor of 13 and g?
13
Suppose -2*g - 172 = -6*g. Let w = g - 8. Calculate the greatest common divisor of 5 and w.
5
Let h = -11 + 76. Calculate the greatest common divisor of h and 26.
13
Let z be (36/5)/(27/(-30) + 1). Calculate the highest common factor of z and 18.
18
Let q be -4 + 4 + -6 + 10. Calculate the highest common factor of 36 and q.
4
Let z(t) = 14*t - 6. Let q be z(4). What is the highest common divisor of 20 and q?
10
Let x(b) = 21*b**2 + 3*b + 3. Let g be x(-2). Let o = g - 43. What is the greatest common divisor of o and 57?
19
Let d(u) = -u + 13. Let t(r) = 9*r**2 - r + 1. Let o be t(1). Let a be d(o). Suppose a*v - 12 = -0. Calculate the highest common factor of 3 and v.
3
Let f be (-5 + 2)/(6/(-28)). Let h(s) = -s**2 + 23*s - 22. Let i be h(8). What is the highest common divisor of i and f?
14
Suppose 0 = -2*w + 10. Suppose w*d - 30 = 4*d. Suppose -4*j = -7*j + 225. Calculate the greatest common factor of j and d.
15
Let r = -62 - -120. Calculate the highest common factor of 116 and r.
58
Let x be 3/(-12) + (-59)/4. Let q = x - -18. Let f(a) = -a**3 + 6*a**2 + 8*a + 5. Let b be f(7). What is the greatest common factor of b and q?
3
Let i = -7 + 63. What is the greatest common divisor of i and 7?
7
Suppose 4*n - 4 = 2*w, 0*w + 2*w - 8 = 0. Let d be (1 + -13)*(-2)/n. Let s be 10/2*32/10. Calculate the greatest common factor of s and d.
8
Let l be ((-36)/8)/(6/(-8)). Let d = 16 + -29. Let s = 2 - d. Calculate the highest common divisor of s and l.
3
Let t = -41 + 74. Suppose 5*a + k = t, k + 3*k = -5*a + 42. Calculate the highest common divisor of 6 and a.
6
Let l be (-4475)/(-100) + 1/4. Let t = 0 + 0. Suppose 5*m - m = 5*s - 91, -4*s - 2*m + 52 = t. Calculate the highest common factor of l and s.
15
Suppose l = 4*t - 68, 3*t - 46 - 6 = l. Let q be 2*(37 + 8 + -5). What is the greatest common divisor of q and t?
16
Suppose 0 = -5*l - 0*i - i + 223, 3*i - 129 = -3*l. What is the highest common factor of l and 30?
15
Let l = -6 - 33. Let u = l - -57. What is the highest common divisor of 6 and u?
6
Let p(f) = -9*f - 20. Let w be p(-4). Calculate the highest common divisor of 256 and w.
16
Let z = -32 + 32. Suppose t = -1, z = -v + 4*v + t - 440. Suppose -2*q = -q - 21. Calculate the greatest common factor of q and v.
21
Let n(p) = -2*p**3 + p**2 + p + 120. Let w be n(0). What is the highest common divisor of w and 20?
20
Let m(l) be the first derivative of -l**4/4 + l**3/3 + l**2/2 - 3. Let s be m(-2). Calculate the highest common factor of 2 and s.
2
Let f be 4/(-14) - 1408/(-77). What is the greatest common divisor of 180 and f?
18
Let r(m) = m**2 - 5*m + 4. Let s be r(4). Suppose -o + 16 - 3 = s. What is the highest common factor of o and 104?
13
Let k(b) = 2*b**2. Let r be k(1). Calculate the highest common factor of r and 8.
2
Let a be 1 + 27/1 - -1. Let v = a - 4. Let y = v - 15. What is the highest common divisor of 15 and y?
5
Suppose o = 4*l + 50, -4*o = -5*l - 0*l - 211. Calculate the highest common factor of 18 and o.
18
Let t be 48/5 - (-16)/40. What is the highest common divisor of 10 and t?
10
Suppose 0 = -5*p + 2*p - 6. Let o be 1*-4*p/4. Suppose o*v + 57 = 187. Calculate the greatest common divisor of 26 and v.
13
Suppose 3*y - g - 128 = 0, 2*g + 262 - 47 = 5*y. What is the greatest common divisor of 82 and y?
41
Let p be (2 - 1)*47 - -1. Let q be p + 2/(0 - 2). Let j = q - 8. Calculate the highest common divisor of j and 13.
13
Let j(r) = 4*r**2 + 0*r**2 - 6*r**2 - r + 3*r**2. Let a be j(2). Suppose 3*p + 0 - 21 = -l, -3*p - 33 = -a*l. What is the highest common divisor of l and 162?
18
Suppose 0 = r + 3, 2*o - 4*r = o + 18. Calculate the greatest common divisor of 48 and o.
6
Let o = 22 + -20. Suppose 4*h - h - 97 = -f, -o*f = -5*h + 158. Calculate the highest common divisor of h and 256.
32
Suppose -a + 39 - 6 = 0. Calculate the greatest common divisor of 66 and a.
33
Let g be (-2 + 4)*(-4 - -5). Calculate the greatest common divisor of g and 10.
2
Let g = -146 - -209. What is the highest common divisor of 42 and g?
21
Let b = -22 + 24. Let c be (4/(-5))/(b/(-260)). Calculate the greatest common factor of c and 26.
26
Suppose -4*f + y - 8 = 0, -4*f + 5*f + y + 7 = 0. Let c be 3 + f + 3 - -22. Calculate the highest common factor of c and 10.
5
Let m = -7 - -13. Suppose 4*l - 2*l - 6 = 0. Calculate the highest common divisor of m and l.
3
Let n be (22/(-6))/((-2)/108). Let d = 41 + -23. What is the greatest common factor of n and d?
18
Let v(q) = -q**3 + 4*q**2 + q + 5. Let h be v(4). Let j = 7 + -6. What is the highest common divisor of j and h?
1
Let f(m) = m**2 - m. Let t be f(-1). Let g = 4 + t. Calculate the greatest common factor of g and 6.
6
Let h be (0 - -2)*121/2. Let v be -6 + 7 + 1 + 9. What is the highest common divisor of h and v?
11
Let j(c) = 4*c + 1. Let a be j(-4). Let x be (-1)/(-3) - 10/a. Suppose -y + 11 = -x. Calculate the highest common factor of 18 and y.
6
Let m(g) be the third derivative of g**6/120 - g**5/15 - g**4/6 + g**3/3 + 9*g**2. Let h be m(5). What is the greatest common divisor of 56 and h?
7
Suppose 2*v - 2*p = 5*v - 9, -3*v = 5*p - 9. Let j = 87 - 50. Let u = -25 + j. What is the highest common divisor of v and u?
3
Suppose 0*r + 5*r = 935. Let l be 105/6 + (-4)/8. Calculate the greatest common divisor of l and r.
17
Let k = 3 - 2. Let i be k/(2 - 3) - -50. Calculate the highest common divisor of i and 7.
7
Suppose 30*b + 27*b = 4788. Suppose 153 = 3*c + 4*u + u, 12 = -4*u. What is the highest common factor of b and c?
28
Suppose -v - 5*c + 139 = 2*v, 4*v - 190 = -2*c. What is the highest common factor of v and 48?
48
Let i(r) = -r**3 - 3*r**2 + 5*r - 6. Let c be i(-5). What is t